 3*s. What is the greatest common factor of n and b?
7
Let a be (0 - -164) + -3 + 4. Calculate the greatest common divisor of 44 and a.
11
Suppose -4*d + 16*d - 1020 = 0. What is the greatest common divisor of d and 5?
5
Let k(r) be the second derivative of -r**4/12 + r**3/6 + 18*r**2 + r. Let x be k(0). What is the highest common factor of 4 and x?
4
Let r be 7 + (-4)/((-8)/(-6)). Suppose -4*k = 3*v + r, -14 = v + 2*v - k. Let u be (-383)/v - (-1)/4. What is the highest common divisor of u and 32?
32
Suppose 3*o = -8*o + 825. What is the greatest common divisor of 175 and o?
25
Suppose -g - 825 = -6*g. Let l be -17*(-2 - (-3 - 1)). Let y = l - -49. Calculate the greatest common factor of y and g.
15
Let u(c) be the first derivative of -11*c**4/4 - 2*c**3/3 - c**2/2 - 25. Let n be u(-1). Calculate the greatest common divisor of 40 and n.
10
Let x(r) = r**2 - 63*r + 132. Let y be x(2). What is the greatest common divisor of 1010 and y?
10
Suppose 0 = 2*p - 82 - 2. Let w be (-8 + 12)*3/(-4) + 6. Suppose l + p = 5*r, -w*r + 34 = -4*l - l. Calculate the greatest common divisor of 8 and r.
8
Suppose -2*u + 105 = -5*x, -u + 5*x + 33 = 9*x. Calculate the highest common divisor of 18 and u.
9
Let p(d) = 2*d**3 + 15*d**2 + 9*d - 14. Let t be p(-5). What is the greatest common factor of 55 and t?
11
Let f(a) = -a**3 + 6*a**2 + 6*a - 19. Let o be f(6). What is the greatest common divisor of o and 799?
17
Let s be (-2 - -3)/((-5)/15). Let n be (16/2)/(-24) - 622/s. What is the highest common factor of n and 23?
23
Let n = -41 + 69. Suppose -2*r + s + 2 = -32, -s - 2 = 0. Let w be (-3)/(-1*12/r). Calculate the greatest common divisor of n and w.
4
Suppose -666*l = -678*l + 24. Suppose 1 = 5*y + x, 0*x = -y - 5*x + 5. Suppose y*c + 32 = 2*c. What is the highest common factor of c and l?
2
Suppose -2*m + 32 = -3*k, 3*m + 3*k - 2*k - 26 = 0. Calculate the highest common divisor of 90 and m.
10
Let i = 105 + -66. What is the greatest common divisor of 897 and i?
39
Suppose 4*x + 0*f = 5*f + 28, 0 = 2*f. Calculate the greatest common divisor of x and 413.
7
Suppose 3*t + 2 = 4*t. Suppose -o = t*h, -15 = -o - o - h. Suppose -5*d - 7 + 57 = 0. Calculate the highest common factor of d and o.
10
Let w = 48 - 46. Suppose -w*q + 39 = -7. Calculate the greatest common factor of q and 207.
23
Suppose -30 = -h + 5*n - 3, 4*n + 10 = -5*h. Let c = -187 + 190. Let q be (-2 - h) + c + 43. Calculate the greatest common divisor of 6 and q.
6
Suppose -2*w - 4 = -i, w = 5*i - 16 - 13. Suppose -2*d = -4*d + i. Suppose -2*c = -5*c + d*q + 60, 0 = 2*q + 8. What is the greatest common factor of c and 112?
16
Suppose 4*b + 4*t = 132, 2*b - 63 = -10*t + 9*t. What is the greatest common factor of b and 70?
10
Let q be (45/27)/(4/3840). Calculate the greatest common divisor of 64 and q.
64
Let z = 7 + -3. Calculate the highest common divisor of z and 116.
4
Let t(o) = o**3 - 19*o**2 + 21*o + 26. Let r be t(18). Let f be (-4)/8 - 41/(-2). Calculate the greatest common factor of r and f.
20
Let i = -7 + 12. Let x be i/(5/7) - -3. Suppose -5*g - 4*g + 990 = 0. Calculate the greatest common divisor of g and x.
10
Let y = -268 - -304. What is the highest common divisor of y and 4?
4
Let l = -3 - -5. Let f be -1*(l - 1)*(-6 + -3). Calculate the greatest common factor of f and 3.
3
Let s = 91 + 19. Calculate the highest common divisor of s and 22.
22
Let n(s) = s + 106. Let j be n(0). Let c be j/4 + -1 + (-2)/(-4). What is the greatest common factor of c and 52?
26
Suppose -4*g - g + 3*t = 31, -t - 8 = 2*g. Let k(w) = -8*w + 5. Let h be k(g). Suppose -3*i + 125 = 24*i - 10. Calculate the highest common divisor of h and i.
5
Suppose 44 = 3*k - 13. Let v(n) = 366*n - 2757. Let o be v(8). What is the greatest common factor of k and o?
19
Suppose 0 = -133*i + 143*i - 780. What is the greatest common divisor of 650 and i?
26
Suppose 0 = 3*m - 5*m + 92. Suppose 5*c - m = -1. Let a be ((-105)/2)/(-7) - 12/(-8). What is the highest common factor of c and a?
9
Let h be (-3 - 0)/(13/((-2340)/27)). Calculate the highest common factor of 76 and h.
4
Let z(a) = 39*a - 612. Let q be z(39). Calculate the greatest common factor of 101 and q.
101
Let h be (-1110)/(-25) + (-3)/(-5). Calculate the greatest common divisor of h and 75.
15
Let l(x) = -x**2 + 1 + 24*x**3 - 25*x**3 + 2*x**2 + 3*x. Let h be l(-2). What is the greatest common factor of 35 and h?
7
Let y = -115 + 48. Let t = y + 106. Calculate the highest common factor of 26 and t.
13
Suppose 0 = h - 2*i + 98 - 259, 4*i + 12 = 0. Calculate the highest common factor of h and 5.
5
Suppose -5*p - 3*h + 0*h + 154 = 0, -h = -4*p + 113. Let u = p + -25. Let c = 29 - 5. What is the greatest common divisor of u and c?
4
Let y be 897/27 + 4/(-18). Let f be (171/(-95))/(1/(-55)). Calculate the greatest common factor of f and y.
33
Suppose n - v = 27, -4*n - 2*v = -5*n + 32. Let b be (0 + -1)*1*(n - 27). Let h = 34 - -6. What is the greatest common factor of h and b?
5
Let d = 315 - -37. What is the greatest common factor of 33 and d?
11
Let u(p) be the first derivative of 10*p**3/3 + p**2 + 6*p + 4. Let g be u(-2). Calculate the highest common factor of g and 14.
14
Suppose -2*b = -b - 2*t - 5, -t - 13 = -4*b. Suppose k = 10 + 14. Calculate the greatest common factor of k and b.
3
Suppose 10*r - 2*r = 24. Suppose -r*z + f = -23, -z - 4*z - 4*f = -10. Calculate the greatest common factor of 54 and z.
6
Let w = -160 + 163. Calculate the highest common factor of w and 19.
1
Let w(g) = -17 + 13*g**2 + 18*g**2 - 30*g**2. Let p be w(-7). What is the greatest common factor of 224 and p?
32
Let l be 1/((-9)/(-42)) - (-62)/(-93). Let g = 3 + -2. What is the highest common factor of g and l?
1
Suppose 5*y - 2*f = 515 + 44, 0 = -4*y + f + 446. Calculate the greatest common factor of y and 74.
37
Let r be 5/(-20)*0 - -5*31. Let i = r + -101. Calculate the highest common divisor of 27 and i.
27
Let p(o) = 73*o**2 + o + 3. Let l be p(3). What is the greatest common divisor of l and 102?
51
Suppose -5*c - 3*k + 46 = 0, 19 - 15 = -c - 5*k. What is the greatest common divisor of 44 and c?
11
Suppose 0 = -3*m + 2*m + 7. Let a be 0 + (4 - 1) + 2. Suppose -s - 180 = -2*v - 49, a*s = -3*v + 164. Calculate the greatest common divisor of v and m.
7
Let p(j) = 44*j - 286. Let z be p(13). Let m(f) = -26*f**3 + f**2 - 1. Let r be m(-1). Calculate the greatest common factor of r and z.
26
Let l be (30/4)/(3/16). Suppose -1 = 3*a + 5, 0 = 3*z - 2*a - 19. Suppose 2*g - 86 = -z*s - 0*g, 3*g = 3*s - 39. What is the highest common divisor of l and s?
8
Let b = -632 + 1009. What is the highest common factor of b and 13?
13
Let f be ((-76)/3 + -4)*15/(-4). What is the greatest common factor of f and 110?
110
Let i = 35 - 23. Let n = -80 - -55. Let w be 38/10 + (2 - (-45)/n). What is the highest common divisor of i and w?
4
Suppose -3*k + k + 4*f = -182, 4*k = -3*f + 331. Suppose -95 - k = -5*d. Calculate the highest common factor of 216 and d.
36
Let f be 20/(-14)*(-46 + 11). What is the highest common factor of 50 and f?
50
Let z = 445 - 1163. Let k be 10/45 - z/9. Calculate the greatest common factor of k and 20.
20
Suppose -3*v - 7 = -0*s - 2*s, 3*v = -2*s + 13. Let o(k) = 12*k**3 - 2*k**2 + 2. Let b be o(v). Calculate the greatest common divisor of 24 and b.
12
Let t be 2/(-6) - (-5 - (-77)/21). What is the highest common divisor of t and 16?
1
Suppose -2*z - 119 = 8*s - 3*s, -4*z - 3*s - 203 = 0. Let j = 92 + z. Let w = -6 - -21. Calculate the highest common divisor of j and w.
15
Suppose g + 5 - 10 = 0. Suppose -4*p - 4*x + 2 + 58 = 0, -g*p + 66 = 2*x. What is the greatest common factor of p and 108?
12
Let w be ((-24)/6 + 8)*(-60)/(-1). What is the highest common divisor of 15 and w?
15
Let x(c) = 8*c - 19. Let b be x(3). Suppose -4*p + b + 11 = 0. Calculate the highest common divisor of p and 44.
4
Suppose 3*r = -3*m + 93, 2*r - 28*m + 31*m - 60 = 0. What is the greatest common factor of r and 11?
11
Suppose -82 = -r - 0*s - 2*s, -3*r + 2*s = -254. What is the highest common factor of 12 and r?
12
Suppose 5*c = 4*i + 40, -6*c = -4*c + 5*i - 16. Suppose -12 = 11*b - 12*b - 3*n, 5*n + 8 = 3*b. Calculate the highest common divisor of b and c.
2
Let r be (-5 + 2)*(-4)/6. Suppose -88*x +